{"id":57,"date":"2023-10-18T14:41:51","date_gmt":"2023-10-18T12:41:51","guid":{"rendered":"https:\/\/elpuenteespiritual.es\/?page_id=57"},"modified":"2025-10-25T18:14:58","modified_gmt":"2025-10-25T16:14:58","slug":"servicios","status":"publish","type":"page","link":"https:\/\/elpuenteespiritual.es\/index.php\/servicios\/","title":{"rendered":"Nuestros Servicios"},"content":{"rendered":"\n<div id=\"wp-block-themeisle-blocks-advanced-columns-55b78b58\" class=\"wp-block-themeisle-blocks-advanced-columns has-2-columns has-desktop-equal-layout has-tablet-equal-layout has-mobile-collapsedRows-layout has-vertical-top ticss-2297ecff\"><div class=\"wp-block-themeisle-blocks-advanced-columns-overlay\"><\/div><div class=\"innerblocks-wrap\">\n<div id=\"wp-block-themeisle-blocks-advanced-column-bd1b0b6b\" class=\"wp-block-themeisle-blocks-advanced-column\"><div class=\"wp-block-image is-style-rounded\">\n<figure class=\"aligncenter size-full\"><img loading=\"lazy\" decoding=\"async\" width=\"300\" height=\"300\" src=\"https:\/\/elpuenteespiritual.es\/wp-content\/uploads\/2023\/10\/image-4.png\" alt=\"\" class=\"wp-image-110\" srcset=\"https:\/\/elpuenteespiritual.es\/wp-content\/uploads\/2023\/10\/image-4.png 300w, https:\/\/elpuenteespiritual.es\/wp-content\/uploads\/2023\/10\/image-4-150x150.png 150w, https:\/\/elpuenteespiritual.es\/wp-content\/uploads\/2023\/10\/image-4-100x100.png 100w\" sizes=\"auto, (max-width: 300px) 100vw, 300px\" \/><\/figure>\n<\/div>\n\n\n<h3 id=\"wp-block-themeisle-blocks-advanced-heading-112ba0b0\" class=\"wp-block-themeisle-blocks-advanced-heading wp-block-themeisle-blocks-advanced-heading-112ba0b0\"><strong>Registros Ak\u00e1shicos<\/strong><\/h3>\n\n\n\n<p class=\"has-text-align-center\" style=\"font-size:16px\">La lectura de Registros Ak\u00e1shicos te ayuda a descubrir tu prop\u00f3sito de vida y obtener respuestas cuando te sientes perdido<\/p>\n\n\n\n<div class=\"wp-block-buttons is-content-justification-center is-layout-flex wp-container-core-buttons-is-layout-a89b3969 wp-block-buttons-is-layout-flex\">\n<div class=\"wp-block-button is-style-fill ticss-eb1c1abd\"><a class=\"wp-block-button__link has-vivid-green-cyan-background-color has-background wp-element-button\" href=\"https:\/\/wa.me\/p\/24733335612984348\/34611992421\" style=\"border-radius:50px\" target=\"_blank\" rel=\"noreferrer noopener\">Reservar<\/a><\/div>\n<\/div>\n<\/div>\n\n\n\n<div id=\"wp-block-themeisle-blocks-advanced-column-d16eef57\" class=\"wp-block-themeisle-blocks-advanced-column\"><div class=\"wp-block-image is-style-rounded\">\n<figure class=\"aligncenter size-full\"><img loading=\"lazy\" decoding=\"async\" width=\"300\" height=\"300\" src=\"https:\/\/elpuenteespiritual.es\/wp-content\/uploads\/2023\/10\/image.png\" alt=\"\" class=\"wp-image-106\" srcset=\"https:\/\/elpuenteespiritual.es\/wp-content\/uploads\/2023\/10\/image.png 300w, https:\/\/elpuenteespiritual.es\/wp-content\/uploads\/2023\/10\/image-150x150.png 150w, https:\/\/elpuenteespiritual.es\/wp-content\/uploads\/2023\/10\/image-100x100.png 100w\" sizes=\"auto, (max-width: 300px) 100vw, 300px\" \/><\/figure>\n<\/div>\n\n\n<h3 id=\"wp-block-themeisle-blocks-advanced-heading-af4a6933\" class=\"wp-block-themeisle-blocks-advanced-heading wp-block-themeisle-blocks-advanced-heading-af4a6933\"><strong>Lectura de Runas<\/strong><\/h3>\n\n\n\n<p class=\"has-text-align-center\" style=\"font-size:16px\">La lectura de runas nos gu\u00eda a comprender nuestra vida, equilibrar nuestro interior y conectar en armon\u00eda con el cosmos.<\/p>\n\n\n\n<div class=\"wp-block-buttons is-content-justification-center is-layout-flex wp-container-core-buttons-is-layout-a89b3969 wp-block-buttons-is-layout-flex\">\n<div class=\"wp-block-button is-style-fill\"><a class=\"wp-block-button__link has-vivid-green-cyan-background-color has-background wp-element-button\" href=\"https:\/\/wa.me\/p\/25504965005774079\/34611992421\" style=\"border-radius:50px\" target=\"_blank\" rel=\"noreferrer noopener\">Reservar<\/a><\/div>\n<\/div>\n<\/div>\n<\/div><\/div>\n\n\n\n<div id=\"wp-block-themeisle-blocks-advanced-columns-85f08cbf\" class=\"wp-block-themeisle-blocks-advanced-columns has-2-columns has-desktop-equal-layout has-tablet-equal-layout has-mobile-collapsedRows-layout has-vertical-top\"><div class=\"wp-block-themeisle-blocks-advanced-columns-overlay\"><\/div><div class=\"innerblocks-wrap\">\n<div id=\"wp-block-themeisle-blocks-advanced-column-07b3d357\" class=\"wp-block-themeisle-blocks-advanced-column\"><div class=\"wp-block-image is-style-rounded\">\n<figure class=\"aligncenter size-full\"><img loading=\"lazy\" decoding=\"async\" width=\"300\" height=\"300\" src=\"https:\/\/elpuenteespiritual.es\/wp-content\/uploads\/2023\/10\/image-6.png\" alt=\"\" class=\"wp-image-114\" srcset=\"https:\/\/elpuenteespiritual.es\/wp-content\/uploads\/2023\/10\/image-6.png 300w, https:\/\/elpuenteespiritual.es\/wp-content\/uploads\/2023\/10\/image-6-150x150.png 150w, https:\/\/elpuenteespiritual.es\/wp-content\/uploads\/2023\/10\/image-6-100x100.png 100w\" sizes=\"auto, (max-width: 300px) 100vw, 300px\" \/><\/figure>\n<\/div>\n\n\n<h3 id=\"wp-block-themeisle-blocks-advanced-heading-c1dd424b\" class=\"wp-block-themeisle-blocks-advanced-heading wp-block-themeisle-blocks-advanced-heading-c1dd424b\">Lectura de <strong>Tarot<\/strong><\/h3>\n\n\n\n<p class=\"has-text-align-center\" style=\"font-size:16px\">A trav\u00e9s del tarot y mi videncia te guiar\u00e9 para encontrar claridad, transformar tu presente y dar forma a tu futuro.<\/p>\n\n\n\n<div class=\"wp-block-buttons is-content-justification-center is-layout-flex wp-container-core-buttons-is-layout-a89b3969 wp-block-buttons-is-layout-flex\">\n<div class=\"wp-block-button is-style-fill\"><a class=\"wp-block-button__link has-vivid-green-cyan-background-color has-background wp-element-button\" href=\"https:\/\/wa.me\/p\/25027159216917715\/34611992421\" style=\"border-radius:50px\" target=\"_blank\" rel=\"noreferrer noopener\">Reservar<\/a><\/div>\n<\/div>\n<\/div>\n\n\n\n<div id=\"wp-block-themeisle-blocks-advanced-column-2f4e47d2\" class=\"wp-block-themeisle-blocks-advanced-column\"><div class=\"wp-block-image is-style-rounded\">\n<figure class=\"aligncenter size-full\"><img loading=\"lazy\" decoding=\"async\" width=\"1024\" height=\"1024\" src=\"https:\/\/elpuenteespiritual.es\/wp-content\/uploads\/2025\/10\/barajas.png\" alt=\"\" class=\"wp-image-372\" srcset=\"https:\/\/elpuenteespiritual.es\/wp-content\/uploads\/2025\/10\/barajas.png 1024w, https:\/\/elpuenteespiritual.es\/wp-content\/uploads\/2025\/10\/barajas-300x300.png 300w, https:\/\/elpuenteespiritual.es\/wp-content\/uploads\/2025\/10\/barajas-150x150.png 150w, https:\/\/elpuenteespiritual.es\/wp-content\/uploads\/2025\/10\/barajas-768x768.png 768w\" sizes=\"auto, (max-width: 1024px) 100vw, 1024px\" \/><\/figure>\n<\/div>\n\n\n<h3 id=\"wp-block-themeisle-blocks-advanced-heading-dc065f98\" class=\"wp-block-themeisle-blocks-advanced-heading wp-block-themeisle-blocks-advanced-heading-dc065f98\"><strong>Baraja de Runas<\/strong><\/h3>\n\n\n\n<p class=\"has-text-align-center\" style=\"font-size:16px\">Conecta con la sabidur\u00eda ancestral n\u00f3rdica a trav\u00e9s de tu propia baraja energ\u00e9tica<\/p>\n\n\n\n<div class=\"wp-block-buttons is-content-justification-center is-layout-flex wp-container-core-buttons-is-layout-a89b3969 wp-block-buttons-is-layout-flex\">\n<div class=\"wp-block-button is-style-fill\"><a class=\"wp-block-button__link has-vivid-green-cyan-background-color has-background wp-element-button\" href=\"https:\/\/wa.me\/p\/25504965005774079\/34611992421\" style=\"border-radius:50px\" target=\"_blank\" rel=\"noreferrer noopener\">Reservar<\/a><\/div>\n<\/div>\n<\/div>\n<\/div><\/div>\n\n\n\n<div id=\"wp-block-themeisle-blocks-advanced-columns-46d1390c\" class=\"wp-block-themeisle-blocks-advanced-columns has-2-columns has-desktop-equal-layout has-tablet-equal-layout has-mobile-collapsedRows-layout has-vertical-top\"><div class=\"wp-block-themeisle-blocks-advanced-columns-overlay\"><\/div><div class=\"innerblocks-wrap\">\n<div id=\"wp-block-themeisle-blocks-advanced-column-3bd56a33\" class=\"wp-block-themeisle-blocks-advanced-column\"><div class=\"wp-block-image is-style-rounded\">\n<figure class=\"aligncenter size-full\"><img loading=\"lazy\" decoding=\"async\" width=\"1024\" height=\"1024\" src=\"https:\/\/elpuenteespiritual.es\/wp-content\/uploads\/2025\/10\/canalizacion-1.png\" alt=\"\" class=\"wp-image-407\" srcset=\"https:\/\/elpuenteespiritual.es\/wp-content\/uploads\/2025\/10\/canalizacion-1.png 1024w, https:\/\/elpuenteespiritual.es\/wp-content\/uploads\/2025\/10\/canalizacion-1-300x300.png 300w, https:\/\/elpuenteespiritual.es\/wp-content\/uploads\/2025\/10\/canalizacion-1-150x150.png 150w, https:\/\/elpuenteespiritual.es\/wp-content\/uploads\/2025\/10\/canalizacion-1-768x768.png 768w\" sizes=\"auto, (max-width: 1024px) 100vw, 1024px\" \/><\/figure>\n<\/div>\n\n\n<h3 id=\"wp-block-themeisle-blocks-advanced-heading-6eb5e0e6\" class=\"wp-block-themeisle-blocks-advanced-heading wp-block-themeisle-blocks-advanced-heading-6eb5e0e6\"><strong>Canalizaci\u00f3n<\/strong><\/h3>\n\n\n\n<p class=\"has-text-align-center\" style=\"font-size:16px\">Mensajes de luz de tus gu\u00edas espirituales para iluminar tu presente<\/p>\n\n\n\n<div class=\"wp-block-buttons is-content-justification-center is-layout-flex wp-container-core-buttons-is-layout-a89b3969 wp-block-buttons-is-layout-flex\">\n<div class=\"wp-block-button is-style-fill\"><a class=\"wp-block-button__link has-vivid-green-cyan-background-color has-background wp-element-button\" href=\"https:\/\/wa.me\/p\/23976252028717817\/34611992421\" style=\"border-radius:50px\" target=\"_blank\" rel=\"noreferrer noopener\">Reservar<\/a><\/div>\n<\/div>\n<\/div>\n\n\n\n<div id=\"wp-block-themeisle-blocks-advanced-column-5c5bdee8\" class=\"wp-block-themeisle-blocks-advanced-column\"><div class=\"wp-block-image is-style-rounded\">\n<figure class=\"aligncenter size-full\"><img loading=\"lazy\" decoding=\"async\" width=\"1024\" height=\"1024\" src=\"https:\/\/elpuenteespiritual.es\/wp-content\/uploads\/2025\/10\/talisman_botella.png\" alt=\"\" class=\"wp-image-408\" srcset=\"https:\/\/elpuenteespiritual.es\/wp-content\/uploads\/2025\/10\/talisman_botella.png 1024w, https:\/\/elpuenteespiritual.es\/wp-content\/uploads\/2025\/10\/talisman_botella-300x300.png 300w, https:\/\/elpuenteespiritual.es\/wp-content\/uploads\/2025\/10\/talisman_botella-150x150.png 150w, https:\/\/elpuenteespiritual.es\/wp-content\/uploads\/2025\/10\/talisman_botella-768x768.png 768w\" sizes=\"auto, (max-width: 1024px) 100vw, 1024px\" \/><\/figure>\n<\/div>\n\n\n<h3 id=\"wp-block-themeisle-blocks-advanced-heading-f69495f3\" class=\"wp-block-themeisle-blocks-advanced-heading wp-block-themeisle-blocks-advanced-heading-f69495f3\"><strong>Botella de los Deseos<\/strong><\/h3>\n\n\n\n<p class=\"has-text-align-center\" style=\"font-size:16px\">Un talism\u00e1n \u00fanico con ba\u00f1o de oro y minerales para manifestar tus sue\u00f1os m\u00e1s profundos<\/p>\n\n\n\n<div class=\"wp-block-buttons is-content-justification-center is-layout-flex wp-container-core-buttons-is-layout-a89b3969 wp-block-buttons-is-layout-flex\">\n<div class=\"wp-block-button is-style-fill\"><a class=\"wp-block-button__link has-vivid-green-cyan-background-color has-background wp-element-button\" href=\"https:\/\/wa.me\/p\/25317055724596456\/34611992421\" style=\"border-radius:50px\" target=\"_blank\" rel=\"noreferrer noopener\">Reservar<\/a><\/div>\n<\/div>\n<\/div>\n<\/div><\/div>\n\n\n\n<div id=\"wp-block-themeisle-blocks-advanced-columns-b4eb21a4\" class=\"wp-block-themeisle-blocks-advanced-columns has-2-columns has-desktop-equal-layout has-tablet-equal-layout has-mobile-collapsedRows-layout has-vertical-top\"><div class=\"wp-block-themeisle-blocks-advanced-columns-overlay\"><\/div><div class=\"innerblocks-wrap\">\n<div id=\"wp-block-themeisle-blocks-advanced-column-c03d3c59\" class=\"wp-block-themeisle-blocks-advanced-column\"><div class=\"wp-block-image is-style-rounded\">\n<figure class=\"aligncenter size-full\"><img loading=\"lazy\" decoding=\"async\" width=\"1024\" height=\"1024\" src=\"https:\/\/elpuenteespiritual.es\/wp-content\/uploads\/2025\/10\/mediunidad.png\" alt=\"\" class=\"wp-image-405\" srcset=\"https:\/\/elpuenteespiritual.es\/wp-content\/uploads\/2025\/10\/mediunidad.png 1024w, https:\/\/elpuenteespiritual.es\/wp-content\/uploads\/2025\/10\/mediunidad-300x300.png 300w, https:\/\/elpuenteespiritual.es\/wp-content\/uploads\/2025\/10\/mediunidad-150x150.png 150w, https:\/\/elpuenteespiritual.es\/wp-content\/uploads\/2025\/10\/mediunidad-768x768.png 768w\" sizes=\"auto, (max-width: 1024px) 100vw, 1024px\" \/><\/figure>\n<\/div>\n\n\n<h3 id=\"wp-block-themeisle-blocks-advanced-heading-5d28954e\" class=\"wp-block-themeisle-blocks-advanced-heading wp-block-themeisle-blocks-advanced-heading-5d28954e\"><strong>Sesi\u00f3n de Mediumidad<\/strong><\/h3>\n\n\n\n<p class=\"has-text-align-center\" style=\"font-size:16px\">Conecta con el m\u00e1s all\u00e1 y recibe el amor eterno de quienes partieron<\/p>\n\n\n\n<div class=\"wp-block-buttons is-content-justification-center is-layout-flex wp-container-core-buttons-is-layout-a89b3969 wp-block-buttons-is-layout-flex\">\n<div class=\"wp-block-button is-style-fill\"><a class=\"wp-block-button__link has-vivid-green-cyan-background-color has-background wp-element-button\" href=\"https:\/\/wa.me\/p\/24980869664876099\/34611992421\" style=\"border-radius:50px\" target=\"_blank\" rel=\"noreferrer noopener\">Reservar<\/a><\/div>\n<\/div>\n<\/div>\n\n\n\n<div id=\"wp-block-themeisle-blocks-advanced-column-c3e9cd62\" class=\"wp-block-themeisle-blocks-advanced-column\"><div class=\"wp-block-image is-style-rounded\">\n<figure class=\"aligncenter size-full\"><img loading=\"lazy\" decoding=\"async\" width=\"1024\" height=\"1024\" src=\"https:\/\/elpuenteespiritual.es\/wp-content\/uploads\/2025\/10\/amuletos.png\" alt=\"\" class=\"wp-image-410\" srcset=\"https:\/\/elpuenteespiritual.es\/wp-content\/uploads\/2025\/10\/amuletos.png 1024w, https:\/\/elpuenteespiritual.es\/wp-content\/uploads\/2025\/10\/amuletos-300x300.png 300w, https:\/\/elpuenteespiritual.es\/wp-content\/uploads\/2025\/10\/amuletos-150x150.png 150w, https:\/\/elpuenteespiritual.es\/wp-content\/uploads\/2025\/10\/amuletos-768x768.png 768w\" sizes=\"auto, (max-width: 1024px) 100vw, 1024px\" \/><\/figure>\n<\/div>\n\n\n<h3 id=\"wp-block-themeisle-blocks-advanced-heading-31ee74b2\" class=\"wp-block-themeisle-blocks-advanced-heading wp-block-themeisle-blocks-advanced-heading-31ee74b2\"><strong>Amuletos Personalizados<\/strong><\/h3>\n\n\n\n<p class=\"has-text-align-center\" style=\"font-size:16px\">Tu escudo energ\u00e9tico personalizado con la vibraci\u00f3n de tu nombre y esencia<\/p>\n\n\n\n<div class=\"wp-block-buttons is-content-justification-center is-layout-flex wp-container-core-buttons-is-layout-a89b3969 wp-block-buttons-is-layout-flex\">\n<div class=\"wp-block-button is-style-fill\"><a class=\"wp-block-button__link has-vivid-green-cyan-background-color has-background wp-element-button\" href=\"https:\/\/wa.me\/p\/24921411537548107\/34611992421\" style=\"border-radius:50px\" target=\"_blank\" rel=\"noreferrer noopener\">Reservar<\/a><\/div>\n<\/div>\n<\/div>\n<\/div><\/div>\n\n\n\n<p class=\"has-text-align-center\" style=\"font-size:20px;font-style:normal;font-weight:600\">\u00bfBuscas m\u00e1s servicios?<\/p>\n\n\n\n<div class=\"wp-block-buttons is-content-justification-center is-layout-flex wp-container-core-buttons-is-layout-a89b3969 wp-block-buttons-is-layout-flex\">\n<div class=\"wp-block-button is-style-fill\"><a class=\"wp-block-button__link has-vivid-cyan-blue-background-color has-background has-custom-font-size wp-element-button\" href=\"https:\/\/wa.me\/c\/34611992421\" style=\"border-radius:50px;font-size:18px\" target=\"_blank\" rel=\"noreferrer noopener\">Ver Cat\u00e1logo Completo en WhatsApp<\/a><\/div>\n<\/div>\n\n\n\n<div style=\"height:40px\" aria-hidden=\"true\" class=\"wp-block-spacer\"><\/div>\n","protected":false},"excerpt":{"rendered":"<p>\u00bfBuscas m\u00e1s servicios?<\/p>\n","protected":false},"author":1,"featured_media":0,"parent":0,"menu_order":0,"comment_status":"closed","ping_status":"closed","template":"","meta":{"_themeisle_gutenberg_block_has_review":false,"footnotes":""},"class_list":["post-57","page","type-page","status-publish","hentry"],"aioseo_notices":[],"_hostinger_reach_plugin_has_subscription_block":false,"_hostinger_reach_plugin_is_elementor":false,"_links":{"self":[{"href":"https:\/\/elpuenteespiritual.es\/index.php\/wp-json\/wp\/v2\/pages\/57","targetHints":{"allow":["GET"]}}],"collection":[{"href":"https:\/\/elpuenteespiritual.es\/index.php\/wp-json\/wp\/v2\/pages"}],"about":[{"href":"https:\/\/elpuenteespiritual.es\/index.php\/wp-json\/wp\/v2\/types\/page"}],"author":[{"embeddable":true,"href":"https:\/\/elpuenteespiritual.es\/index.php\/wp-json\/wp\/v2\/users\/1"}],"replies":[{"embeddable":true,"href":"https:\/\/elpuenteespiritual.es\/index.php\/wp-json\/wp\/v2\/comments?post=57"}],"version-history":[{"count":62,"href":"https:\/\/elpuenteespiritual.es\/index.php\/wp-json\/wp\/v2\/pages\/57\/revisions"}],"predecessor-version":[{"id":411,"href":"https:\/\/elpuenteespiritual.es\/index.php\/wp-json\/wp\/v2\/pages\/57\/revisions\/411"}],"wp:attachment":[{"href":"https:\/\/elpuenteespiritual.es\/index.php\/wp-json\/wp\/v2\/media?parent=57"}],"curies":[{"name":"wp","href":"https:\/\/api.w.org\/{rel}","templated":true}]}}